 Let q(y) = y**2 + 5*y + 3. Calculate q(o).
9
Let q(h) = h**3 + h**2 + 1. Let k(y) = -y**2 - 7*y - 2. Let z be k(-7). Calculate q(z).
-3
Let o(x) = -x**3 - 4*x**2 - 2*x. Suppose 4*m = 3*c - 8 - 10, 0 = 2*m - 4*c + 14. Give o(m).
-3
Let c(t) be the first derivative of t**6/120 - t**5/30 + t**4/6 - t**3/2 - t**2/2 + 3. Let h(i) be the second derivative of c(i). Determine h(2).
5
Let v be (-91)/5 - (-1)/5. Let h = 16 + v. Let y(c) = c**2 - 2*c - 2. What is y(h)?
6
Let c(k) be the third derivative of k**4/8 + 28*k**2. Determine c(8).
24
Let n be 6/(-2) + 1*(-4 + 3). Let h(r) = 2*r**2 + 7*r + 5. Determine h(n).
9
Let y(p) = -p + 7. Let v be y(6). Let o(z) = -z**3 + 7*z - z - 4*z**2 + v - 4*z. What is o(-2)?
-11
Let a be (6/(-3))/((-8)/(-12)). Suppose -2*w = -0*w - 10. Let r(n) = 3*n**2 - 5*n**2 + 0 - 4 - w*n. Calculate r(a).
-7
Let u(g) = -2*g**2 + 5*g - 2. Let a = 12 - 9. Calculate u(a).
-5
Let q(s) = 6*s + 6*s - 3*s - 9*s**2 + s**3 - s**2. Calculate q(9).
0
Suppose 0 = -m - n + 16, m + m - 2*n - 20 = 0. Let o(c) = -2*c + 17. Let b(y) = -y + 8. Let w(r) = m*b(r) - 6*o(r). Determine w(-5).
7
Let o(g) be the third derivative of g**6/120 + g**5/12 + 7*g**4/24 + 2*g**3/3 - 17*g**2. Determine o(-4).
-8
Let z(m) = -m**3 + 2. Suppose -4*g = 20, 4*b - b - 4*g = 86. Let i = b + -20. What is z(i)?
-6
Let x be ((-6)/(-12))/(2/(-32)) - -3. Let j(o) = o + 2. Determine j(x).
-3
Let s(w) = 5*w - w - 9*w + 4*w + 3*w**2. What is s(-1)?
4
Let u(v) = 2*v - 4. Let b(h) = h - 3. Let n(s) = -6*b(s) + 5*u(s). Let j = -246 + 248. What is n(j)?
6
Let j(d) = 4*d. Let h(m) = m - 1. Let f(b) = -3*h(b) + j(b). Let g be (-1)/4 - 30/8. Determine f(g).
-1
Let t(l) = l - 3. Let u be t(7). Let d(r) = -r + u*r**2 - 13*r**2 + 10*r**2. Give d(2).
2
Suppose 0*w = w - 4*z - 12, 4*z + 12 = -4*w. Let x(r) = -r + 3. Give x(w).
3
Let o be (-28)/10 - 2/10. Let t(u) = u**2 - 8*u - 5. Let a(s) = 3*s**2 - 17*s - 11. Let p(k) = -3*a(k) + 7*t(k). Calculate p(o).
-5
Let t = 6 + -2. Let c(u) = -t + 0 + 0*u + u. Let k be 4/(0 - -2) + 1. Calculate c(k).
-1
Let p(a) = 3*a - 4 + 2 - 13. Let m be p(6). Let j(l) = l**3 - l**2 - 2*l - 3. Determine j(m).
9
Let k(u) = 11*u**3 + 5*u**2 + 7*u - 10. Let b(a) = 5*a**3 + 2*a**2 + 3*a - 5. Let v(h) = -13*b(h) + 6*k(h). Determine v(-4).
-7
Let v(n) = 3*n + 5. Let f be 1/(3/3)*5. Calculate v(f).
20
Let k(d) = 3*d - 2 + 3 - 14*d. Calculate k(-1).
12
Let m(f) = 14*f**2 - 2 - 7*f**2 + 0*f**2 - 6*f**2 + 6*f. Give m(-4).
-10
Suppose -v - 2*v + 22 = 5*t, -2*t + 24 = 5*v. Let h(a) = a - 3. Let y(q) = -q + 1. Let l(d) = 2*h(d) + 4*y(d). Calculate l(t).
-6
Let t(m) be the third derivative of -m**5/120 + 7*m**4/24 + m**3/3 - 7*m**2. Let k(o) be the first derivative of t(o). Calculate k(0).
7
Let v(j) be the third derivative of j**6/120 - j**5/60 + j**4/24 + j**3/6 - 4*j**2. What is v(2)?
7
Let a(v) = 4*v + 3*v - v**2 + v - 3. Suppose 5*h - 8 = 17. Determine a(h).
12
Let a(w) = w**2 - 2*w**3 - 3 - 62*w + 3*w**3 + 63*w. Give a(0).
-3
Suppose 4*f - 40 = 4*n, n - 2*f = 2*f - 19. Let l = 9 + n. Let m(c) = -c**2. What is m(l)?
-4
Let o(t) be the second derivative of -t**4/4 + t**3/6 + t**2 - 3*t. Let h(g) = 5 - 4*g**2 - 2 + g + 0*g. Let b(m) = -2*h(m) + 3*o(m). Calculate b(-1).
-2
Let o(n) = n + n - 4*n + n - 6. Calculate o(-3).
-3
Let i be -1 - (-1 - 1 - -2). Let t be i/(-1*(-2)/(-4)). Suppose c - 3 = 1, t*q = -c + 8. Let o(v) = v**3 - v**2 - v - 1. Calculate o(q).
1
Let n(p) = -p**3 - 17*p**2 - 17*p - 9. Let d be n(-16). Let t(a) = -a**3 + 7*a**2 + a - 9. Determine t(d).
-2
Let o be (1 - 2 - -2)*0. Let v(z) = 4*z + 4. Let s(g) = g + 1. Let w(i) = 3*s(i) - v(i). What is w(o)?
-1
Let p(z) = 1. Let l(f) = 1. Let s(t) = -6*l(t) + 7*p(t). Let g(a) = a**2 + a + 5. Let r(u) = -g(u) + 4*s(u). What is r(-3)?
-7
Let o(p) = -p**3 - p**2 - 1. Let f(i) = -5*i**3 - 3*i - 4. Let v(g) = -f(g) + 4*o(g). Calculate v(2).
-2
Let d(k) = -k - 11. Suppose -5*p = -5*u - 26 + 6, 4*u = -4*p - 48. Calculate d(u).
-3
Suppose -9 = -5*s - 2*t + 3, 4*s + 4*t = 0. Let d(y) = -116*y**3 - 3*y - 2 - 4*y**2 + 4 + 117*y**3. Determine d(s).
-10
Let z(s) be the second derivative of -11*s**5/10 - s**4/12 + s**3/6 + s + 18. Determine z(1).
-22
Let p(v) = 3 - 1 + 7*v - 1 + v**2. Let r be (-2)/(-4)*-2 + -4. Determine p(r).
-9
Let g(q) = -q - 3. Suppose -v - 4 = -3*v. Let l = v + 0. Suppose -l = r + 1. Give g(r).
0
Let h(u) = -4*u + 2. Let b be h(2). Let p(k) be the third derivative of -k**5/60 - k**4/4 + k**3 + 6*k**2. Determine p(b).
6
Let z(s) = -s + 5. Let f(l) be the first derivative of -l**2/2 + 4*l + 2. Let m(n) = -3*f(n) + 2*z(n). Let k be 3 - -1*(3 + -10). Calculate m(k).
-6
Let d(k) = -k**3 + 9*k**2 + 6. Let t(v) = -v**2 + 16*v - 19. Let r be t(14). Let m be d(r). Let f(o) = -o**2 + 7*o + 2. Determine f(m).
8
Let l = -13 - -15. Let p(z) = -l*z + z**2 - 3*z**2 + 3 + z**2. Give p(2).
-5
Suppose -3*d = -d + 2*r, 0 = -2*r - 4. Let p(j) = 4*j + 2 + 3 + 0*j**3 - 4 + j**3 + 4*j**d. What is p(-3)?
-2
Let z = 17 - 27. Let o = z - -17. Let t(d) = o + 20*d + 5 - 21*d. What is t(6)?
6
Let d(v) = -v**3 - v**2 + 3*v - 1. Suppose -c + 1 = 2*i, i + 2*c + 0 = 5. Let g = -4 - i. Calculate d(g).
8
Suppose 5 = 3*a + 2. Let w(f) be the third derivative of 7*f**4/24 + f**3/6 + 11*f**2. Calculate w(a).
8
Let c be (8/(-6))/((-1)/3). Let t be 7/c - (-2)/8. Let s(m) = m**2 - m - 1. Determine s(t).
1
Let r(n) = 0*n**3 - 2*n**3 + 5*n**2 + 7*n + n**3. Determine r(6).
6
Let i(p) = p + 6. Suppose -7*a = -2*a. What is i(a)?
6
Let y(d) = -3*d**3 + 3*d**2 + 2*d - 3. Let u(a) = -a**3 - 1. Let h(z) = 2*u(z) - y(z). Suppose -3 = 3*k, 0*k - 4*k - 6 = -b. What is h(b)?
-7
Let c(x) = -2*x**2 + 2. Let i = -6 - -4. What is c(i)?
-6
Let b(c) be the second derivative of c**8/6720 + c**7/504 - c**6/180 + c**5/40 + c**4/4 - 4*c. Let o(f) be the third derivative of b(f). Calculate o(-6).
-9
Let z be 18/3 + (-2 - 2). Let x(c) be the second derivative of 0*c**4 + 0*c**3 + 1/20*c**5 + 2*c + 0 - 1/2*c**z. What is x(1)?
0
Let o(r) = 2 - 2*r - r + 0*r. Let h(x) = x**2 - 3*x - 2. Let t be h(3). Give o(t).
8
Let z(a) = a**3 + 4*a**2 - a - 2. Let t(w) = w**2 - w - 3. Let h be t(-5). Let n be h/(-12) - (-1)/4. Give z(n).
8
Let g(a) = a**2 - 4*a - 7. Let s be g(6). Let m(y) = -s*y + 3 + 1 + y - 2*y**2 + y**3. Determine m(3).
1
Suppose 4*n - 2*i - 2 = 0, -3*n + 5*i + 0*i = 2. Let x(b) = -8*b**2 + b. Give x(n).
-7
Suppose 2*c = 4*c - 36. Let h be 4/(-18) - (-4)/c. Suppose 3*b - b = h. Let x(t) = -t - 6. Determine x(b).
-6
Let i(x) = -x**3 + 4*x**2 + 6*x - 7. Suppose -4*n + 17 = -s, -5*n + 4*s + 7 + 6 = 0. Calculate i(n).
-2
Let r(f) = 2*f + 3. Let x be r(-3). Let q be -6*((-33)/9 - x). Let n(m) = m**3 - 3*m**2 - 7*m + 6. Calculate n(q).
-6
Suppose 0*g + 3*g - 6 = 0. Suppose -2*s - 15 = -4*s - 5*o, -5*s = -5*o - 20. Let w be (-4)/10*g*s. Let p(x) = x + 6. Calculate p(w).
2
Let i(l) = -l**3 - 6*l**2 - 5. Suppose -c + 3 = 1. Suppose -c*g + 2 = 14. What is i(g)?
-5
Let q(p) = -3 - 23*p + 15*p - 4 + 0 - p**2. Suppose 2*w = 0, w - 4*w - 30 = 5*f. Let d be q(f). Let b(x) = -x**3 + 6*x**2 - 4*x. Give b(d).
5
Let l be 2/(-8) - 1/(-4). Let y(v) = 3*v - 2*v + l*v. Let o be 2 - 3*(2 + 0). Give y(o).
-4
Suppose 1 = -5*z + 26. Suppose 2*c - t = z, -5*t = 2*c - 3*c + 7. Let s(m) = -c*m**3 - 4*m**2 - 2*m**3 + 5*m**3. What is s(4)?
0
Let i(v) = -4 - v**3 + v**3 + 6*v**2 - 2*v**2 + v**3 - v. What is i(-4)?
0
Let w = 5 + -3. Let n(d) = 0 - 2*d**2 + 4*d + 3*d**w + 1 + 1. What is n(-5)?
7
Let l(v) = -10 - 1 + 15 - 2*v. Let a be l(4). Let z(r) = -r**2 - 7*r + 2. Calculate z(a).
14
Let k(g) be the first derivative of -g**4/4 - 11*g**3/3 + 6*g**2 + 5*g - 33. Calculate k(-12).
5
Let a(s) be the third derivative of -s**6/120 - s**5/12 + s**4/6 - s**3 - 5*s**2. Determine a(-6).
6
Let m(y) be the second derivative of -y**3/6 - 2*y**2 + 2*y. Calculate m(3).
-7
Suppose 3*g = -4*c - 13, -4*c - 2*g = -g + 15. Let i(h) be the second derivative of h**5/20 + h**4/2 + 5*h**3/6 - 2*h**2 - 11*h. What is i(c)?
8
Let g(d) be the first derivative of 3 + 0*d**2 - d**2 + 2*d**2 - 3*d. Give g(4).
5
Let o(r) = -3*r**3 + 14*r**2 + 11*r - 9. Let j(x) = -x**3 + 5*x**2 + 4*x - 3. Let c(d) = -8*j(d) + 3*o(d). Calculate c(3).
-9
Suppose -2*k + 4*k - 2 = -5*u, 2 = -3*u - 2*k. Suppose 2*g - 14 = -u*t, -2*g = -t - t +